 244 and 183?
61
What is the highest common divisor of 14 and 203?
7
Calculate the highest common factor of 114 and 418.
38
What is the greatest common factor of 42 and 406?
14
Calculate the greatest common factor of 592 and 272.
16
Calculate the greatest common factor of 580 and 20.
20
Calculate the greatest common factor of 612 and 7497.
153
Calculate the greatest common factor of 340 and 255.
85
Calculate the greatest common factor of 16 and 2512.
16
Calculate the highest common factor of 30 and 105.
15
Calculate the highest common divisor of 102 and 544.
34
Calculate the highest common divisor of 1079 and 416.
13
What is the greatest common divisor of 537 and 3?
3
Calculate the greatest common divisor of 13 and 84.
1
Calculate the highest common divisor of 144 and 1104.
48
What is the highest common factor of 363 and 11?
11
Calculate the highest common factor of 390 and 114.
6
Calculate the highest common divisor of 6137 and 17.
17
What is the greatest common divisor of 360 and 320?
40
What is the highest common factor of 390 and 832?
26
Calculate the greatest common divisor of 426 and 51.
3
What is the greatest common factor of 3168 and 990?
198
What is the greatest common divisor of 4797 and 78?
39
What is the highest common factor of 585 and 765?
45
What is the greatest common divisor of 3609 and 18?
9
Calculate the greatest common divisor of 187 and 33.
11
What is the greatest common divisor of 162 and 2?
2
What is the highest common factor of 546 and 63?
21
Calculate the highest common divisor of 1446 and 12.
6
What is the highest common divisor of 4108 and 79?
79
What is the highest common factor of 5546 and 118?
118
Calculate the highest common divisor of 348 and 841.
29
Calculate the greatest common divisor of 1003 and 102.
17
Calculate the greatest common factor of 22 and 319.
11
Calculate the highest common factor of 41050 and 100.
50
Calculate the highest common factor of 36 and 324.
36
Calculate the greatest common divisor of 2 and 459.
1
What is the highest common divisor of 28 and 133?
7
Calculate the highest common factor of 108 and 189.
27
What is the highest common factor of 1632 and 344?
8
Calculate the highest common divisor of 1060 and 12985.
265
Calculate the greatest common divisor of 7 and 287.
7
Calculate the greatest common divisor of 8103 and 333.
111
Calculate the highest common factor of 470 and 5358.
94
Calculate the greatest common divisor of 10390 and 10.
10
Calculate the greatest common factor of 95 and 2831.
19
What is the greatest common divisor of 14 and 322?
14
Calculate the highest common factor of 117 and 93.
3
Calculate the highest common divisor of 196 and 7987.
49
Calculate the highest common factor of 300 and 1740.
60
Calculate the greatest common factor of 20 and 24320.
20
What is the highest common factor of 2009 and 41?
41
Calculate the highest common factor of 1927 and 141.
47
Calculate the highest common factor of 1569 and 3.
3
Calculate the highest common factor of 106 and 2.
2
Calculate the greatest common divisor of 490 and 5.
5
What is the highest common divisor of 140 and 204?
4
What is the greatest common divisor of 46 and 1173?
23
What is the greatest common factor of 136 and 26044?
68
Calculate the greatest common divisor of 18 and 90.
18
Calculate the highest common factor of 488 and 3599.
61
Calculate the highest common divisor of 132 and 33.
33
What is the highest common divisor of 4671 and 27?
27
What is the greatest common divisor of 1352 and 104?
104
Calculate the greatest common divisor of 49 and 21.
7
What is the highest common divisor of 240 and 300?
60
Calculate the highest common factor of 30 and 2115.
15
Calculate the highest common factor of 11022 and 132.
66
Calculate the greatest common divisor of 2584 and 408.
136
What is the highest common factor of 120 and 225?
15
Calculate the highest common factor of 6561 and 9.
9
Calculate the highest common divisor of 27 and 9234.
27
What is the greatest common factor of 294 and 6?
6
What is the greatest common factor of 7398 and 54?
54
What is the highest common factor of 108 and 96?
12
What is the greatest common factor of 56 and 4151?
7
Calculate the highest common divisor of 564 and 329.
47
What is the highest common factor of 152 and 19?
19
Calculate the greatest common factor of 40 and 35.
5
What is the greatest common divisor of 70 and 2590?
70
What is the highest common factor of 15 and 775?
5
Calculate the greatest common divisor of 6712 and 16.
8
What is the greatest common divisor of 92 and 129536?
92
Calculate the highest common divisor of 474 and 3713.
79
What is the greatest common factor of 45 and 360?
45
What is the greatest common factor of 1519 and 147?
49
Calculate the greatest common divisor of 930 and 282.
6
What is the highest common factor of 391 and 17?
17
Calculate the greatest common divisor of 1694 and 28.
14
Calculate the greatest common divisor of 598 and 161.
23
What is the highest common factor of 1492 and 2?
2
What is the highest common factor of 540 and 648?
108
What is the highest common factor of 10 and 270?
10
Calculate the highest common divisor of 738 and 576.
18
Calculate the highest common divisor of 6 and 147.
3
What is the greatest common divisor of 507 and 156?
39
Calculate the greatest common divisor of 84 and 68.
4
What is the greatest common divisor of 246 and 8979?
123
What is the greatest common factor of 17 and 30787?
17
Calculate the greatest common divisor of 30 and 9555.
15
Calculate the greatest common divisor of 1356 and 24.
12
Calculate the highest common factor of 4160 and 65.
65
What is the greatest common factor of 437 and 552?
23
Calculate the greatest common divisor of 55 and 209.
11
What is the greatest common factor of 70 and 574?
14
Calculate the highest common divisor of 702 and 162.
54
What is the greatest common divisor of 250 and 2?
2
Calculate the greatest common divisor of 1265 and 440.
55
Calculate the greatest common factor of 78 and 12402.
78
What is the highest common factor of 343 and 1?
1
What is the greatest common divisor of 450 and 50?
50
Calculate the highest common divisor of 64 and 72.
8
What is the greatest common divisor of 6 and 4530?
6
What is the greatest common factor of 83 and 1577?
83
What is the greatest common divisor of 6963 and 33?
33
Calculate the greatest common divisor of 4747 and 47.
47
Calculate the highest common divisor of 404 and 4.
4
What is the greatest common divisor of 300 and 65700?
300
What is the highest common factor of 760 and 120?
40
Calculate the greatest common factor of 6 and 106.
2
What is the greatest common divisor of 96 and 4344?
24
Calculate the highest common divisor of 190 and 30.
10
What is the highest common divisor of 128 and 7552?
128
What is the greatest common divisor of 16 and 1296?
16
Calculate the highest common factor of 27 and 28701.
27
What is the highest common factor of 814 and 703?
37
What is the greatest common divisor of 36 and 9?
9
What is the highest common divisor of 148 and 1517?
37
Calculate the highest common factor of 44 and 11.
11
What is the greatest common divisor of 12 and 5604?
12
Calculate the greatest common divisor of 1184 and 32.
32
What is the highest common divisor of 284 and 4?
4
What is the greatest common divisor of 72 and 3336?
24
What is the highest common factor of 6539 and 26?
13
Calculate the highest common divisor of 59 and 22656.
59
Calculate the highest common divisor of 32769 and 33.
33
Calculate the greatest common factor of 265 and 1537.
53
Calculate the highest common divisor of 729 and 19926.
243
Calculate the greatest common factor of 7077 and 21.
21
What is the greatest common factor of 570 and 150?
30
What is the highest common factor of 20 and 56?
4
Calculate the highest common factor of 470 and 40.
10
Calculate the greatest common divisor of 3500 and 812.
28
Calculate the highest common factor of 2735 and 5.
5
Calculate the highest common divisor of 756 and 3.
3
Calculate the highest common factor of 26 and 806.
26
What is the highest common divisor of 429 and 4433?
143
Calculate the highest common factor of 56 and 2.
2
Calculate the greatest common factor of 50 and 125.
25
What is the highest common divisor of 9 and 5679?
9
What is the highest common 